 Let d = p + 10. Calculate the highest common divisor of 176 and d.
22
Suppose 6*s - 60 = -0. Let w(l) = 9*l. Let b be w(s). Calculate the highest common divisor of 10 and b.
10
Let p = 309 - 768. Let m = -367 - p. Calculate the highest common factor of m and 69.
23
Suppose z = -5*p + 1421, 5*z - 952 = -2*p - 402. Let f = 53 + -38. What is the highest common divisor of f and p?
15
Let h = -4461 + 9276. What is the greatest common divisor of h and 15?
15
Let u = -138 + 273. Let k = 132315 + -132270. Calculate the highest common divisor of k and u.
45
Let f(b) = b**3 + 14*b**2 + 20*b - 65. Let j be f(-11). What is the highest common divisor of 429 and j?
39
Suppose -j - 296 = -3*c, c = -5*j + 81 + 7. What is the greatest common factor of c and 2030?
14
Let p(g) = -g**3 - 21*g**2 + 44*g - 11. Suppose 2*i + 5*b = 8 - 59, i + 27 = -4*b. Let u be p(i). Calculate the greatest common divisor of 5 and u.
5
Let p = 1884 - 1706. Calculate the greatest common factor of 979 and p.
89
Let s(b) = b**2 + 25*b - 18. Let z be s(-27). Suppose -6*o + 822 = -z. Suppose m - 5 = 4*v, 4*m - 3*v = 7 + 39. Calculate the highest common factor of m and o.
13
Let y(u) = u**2 - 6*u**2 + 6*u - 5 + 4*u**2. Let q be y(5). Let m be (-7)/(-21)*(363 - q). Calculate the greatest common divisor of m and 11.
11
Let j = -325 + 107. Let k = 281 + j. Calculate the highest common divisor of 42 and k.
21
Let k(j) = -3 - 3*j**2 + 15 + 2*j**2 - 9*j. Let s be k(-9). Let w = -144 + 156. Calculate the greatest common divisor of w and s.
12
Let p = -8476 + 8530. Calculate the greatest common divisor of p and 3186.
54
Suppose 54709 - 23093 = 119*d - 100*d. Calculate the greatest common divisor of d and 1408.
128
Suppose -45*u + 46*u = 2*t - 35607, 124602 = 7*t + 4*u. What is the greatest common divisor of 138 and t?
138
Let h = -1498 - -1906. What is the greatest common factor of 600 and h?
24
Suppose 4*n + 2*n - 1672 = 578. Calculate the highest common divisor of n and 1750.
125
Let x = -495 - 102. Let q = -584 - x. Calculate the greatest common factor of 208 and q.
13
Suppose 2*q = -11*i + 16*i + 61, -3*q = -2*i - 75. Suppose 0 = 2*j - 8, 5*c - 3*j + 0*j = 333. Calculate the highest common factor of c and q.
23
Suppose -31*l - 8*l + 21216 = 0. Let k = 839 - l. Calculate the greatest common factor of k and 59.
59
Let r(w) = w**2 + 70*w - 3064. Let p be r(37). Calculate the highest common factor of 20 and p.
5
Let x(g) = 20*g**2 - g - 1. Let k be x(-3). Let b(v) = 30*v**2 - 11*v - 13. Let i be b(-1). What is the highest common divisor of i and k?
14
Suppose -x + 780 = 3*x. Let r be (-1)/(-5) + 684/(-45). Let l = x + r. What is the highest common divisor of 12 and l?
12
Let r(l) = -l**3 - 19*l**2 - 22*l + 54. Let a be r(-19). Suppose -a*v + 462*v = -50. What is the greatest common factor of v and 305?
5
Let r(f) = 118*f - 810. Let a be r(7). Suppose 2*l + 268 = q, -3*q + 3*l = -377 - 433. What is the highest common factor of a and q?
16
Suppose 5*n - 14873 = 4*w + 2340, 5*n + 2*w = 17201. What is the greatest common divisor of n and 37?
37
Let r = 5973 + -2220. Calculate the greatest common factor of r and 27.
27
Let o(b) = -2*b**2 - 15*b - 4. Let y(z) = 3*z**2 + 19*z + 5. Let m(q) = 4*o(q) + 3*y(q). Let p be m(-2). What is the highest common factor of 522 and p?
9
Suppose 136*y - 4320 = 76*y. What is the highest common factor of 960 and y?
24
Let q(x) = x**2 - 8*x - 8. Let o be q(9). Let w be 142/10 + o + 54/(-45). Calculate the greatest common factor of w and 406.
14
Let f = 1054 + -844. Suppose -2*z - f = -9*z. What is the highest common divisor of z and 75?
15
Suppose -1 = -29*n + 86. Suppose n*q = 5*k + q - 165, -3*q - 15 = 0. Let a = 2 - -29. What is the greatest common factor of k and a?
31
Let b(l) = -111*l - 751. Let r be b(-11). What is the greatest common factor of 141 and r?
47
Let y = -131 - -133. Let k be (-3 - (-7 - -4)) + y + 14. What is the highest common factor of 304 and k?
16
Suppose -2*p - 9 = -29. Suppose -2*t + 60 = -4*t. Let w be 3126/39 - (-1 + t/(-26)). What is the greatest common divisor of p and w?
10
Suppose -2*v = 20, -5*v - 141 = 4*j - 235. Suppose -9 = a + 2*n, -a + 0*n - 18 = -n. Let o = 69 + a. What is the highest common divisor of o and j?
18
Let v(z) = z**3 + 9*z**2 + 7*z + 18. Suppose -24*t = -32*t - 64. Let y be v(t). Calculate the greatest common factor of 130 and y.
26
Let u be ((-18)/(-3) + -29)/(2/(-456)). Calculate the highest common factor of u and 24.
12
Let k = -47 - -62. Suppose 16*c = k*c + 69. Calculate the highest common factor of 92 and c.
23
Let r = -3682 - -3772. Let v(a) = -4*a + 4. Let j be v(-8). Calculate the highest common factor of j and r.
18
Let o = 7457 - 7447. Calculate the greatest common divisor of o and 730.
10
Let l(z) = 8*z + 8. Let u(r) = 17*r + 17. Let a(j) = 7*l(j) - 3*u(j). Let v be a(8). Let b = -21 + 30. What is the highest common divisor of b and v?
9
Let a = 1025 - 936. Calculate the greatest common divisor of 1424 and a.
89
Suppose -5*m + 292 = k, -15*k + 13*k = 5*m - 539. What is the highest common factor of k and 1612?
13
Let x(q) = 2*q**3 + 31*q**2 + 13*q - 28. Let f be x(-15). Suppose 586 = 2*u + f*s + 122, 4*u - 3*s = 949. What is the greatest common factor of 94 and u?
47
Suppose -5*p = -2*n + 45, -14*n - 3*p = -9*n - 97. Suppose -21 = g + 4. Let v be (3 - (-165)/g)/((-6)/n). Calculate the highest common factor of v and 60.
12
Suppose -4*v + 288 = 4*t, -17*t + 16*t + 144 = 2*v. Suppose 7*m + 5*m - 7344 = 0. Calculate the greatest common divisor of v and m.
36
Let y(s) = -2*s + 88. Let w be y(43). Suppose -g + w*b = -3*g + 212, 5*g + 3*b = 540. What is the greatest common divisor of g and 185?
37
Suppose -161321 = -22*q - 53389. Calculate the greatest common divisor of 44 and q.
22
Let v be (-22)/(-154)*595 + -7. Calculate the greatest common divisor of 942 and v.
6
Let k(n) = n**3 - 2*n**2 + n + 1. Let r = -39 + 35. Let l be 1/(r/(-6)) - (-6)/4. Let t be k(l). Calculate the greatest common factor of 13 and t.
13
Let n(a) = -a**2 - 115*a - 932. Let m be n(-10). What is the greatest common divisor of 3186 and m?
118
Let b be 10/30 - (-16190)/30. What is the highest common divisor of 50 and b?
10
Suppose -2*i + 5*k = -19, -k + 0*k = -i + 2. Let g be (-1 - 61)/(2/i). Calculate the highest common divisor of g and 62.
31
Suppose f - 1 = -4, -2*z = 5*f + 7. Suppose 4*w + z*w - 16 = 0. Suppose y - w*y + 26 = 0. Calculate the highest common factor of y and 130.
26
Let s be (-2)/4 - ((-10175)/110 + 56). Suppose -13 = 2*t - 67. Calculate the highest common divisor of s and t.
9
Let c(k) = -2*k**2 + 5*k**2 - 15 + 0 - 2*k**2 + 14*k. Let f be 60/270 - (-52)/9*1. Let d be c(f). What is the greatest common factor of d and 21?
21
Suppose -3775 = -16*q + 2609. Calculate the greatest common factor of q and 2261.
133
Let w = -2338 + 5948. What is the greatest common factor of 304 and w?
38
Suppose -4*i - 18 = -2*g - 2, 0 = -4*i + g - 12. Let k be (-2280)/(-96)*(-16)/i. Calculate the greatest common factor of 38 and k.
38
Let y be ((-20)/(-6))/((-58)/(-24969)). What is the highest common factor of 5535 and y?
205
Let p be (-53)/11 + (-8)/44. Let d(r) be the third derivative of -r**4/12 + 20*r**2. Let q be d(p). What is the greatest common factor of q and 50?
10
Suppose -4*c = 5*j - 2469 - 10886, 8040 = 3*j - 3*c. Calculate the greatest common factor of 125 and j.
25
Suppose 3*t + t = 2*f - 32, 3*t - 41 = -f. Let b be 216/4 + 3 + -5. Calculate the greatest common divisor of b and f.
26
Let x(p) = -p**3 + 10*p**2 - 19*p + 66. Let w(i) = -i + 42. Let r be w(34). Let g be x(r). What is the highest common factor of 210 and g?
42
Let c(z) = 10*z**2 - 11*z + 8. Let s be c(1). Calculate the highest common factor of s and 2037.
7
Suppose 0 = -4*g + d + 2, -5*g = d + 3*d + 8. Suppose -3*l + 4*s - 25 + 68 = g, 109 = 4*l + 5*s. Calculate the greatest common divisor of l and 24.
3
Let t(m) = -2*m**2 + 31*m + 8. Let o be t(15). Let r = -22 + o. Let s(p) = 29*p**3 - p**2. Let c be s(r). What is the greatest common divisor of 70 and c?
14
Let b(a) = 7*a**3 + 155*a**2 - 310*a - 12. Let x be b(2). Suppose -u - 32 = d - 4*d, 5*u - 5 = 0. Calculate the highest common factor of x and d.
11
Suppose 126 = 5*k - 3*s, 0*k - k + 5*s + 12 = 0. Let c = k +